.
-9
Let s(j) = j**3 + 24*j**2 - 26*j - 34. What is s(-25)?
-9
Let a(q) = -3*q**2 + 46*q - 11. Determine a(15).
4
Let y(k) = -k**3 - 5*k**2 + 55*k - 12. What is y(5)?
13
Let s(o) = o**3 - 9*o**2 + 15*o - 7. Give s(7).
0
Let t(v) = -v**3 + v**2 + 2*v + 8. Give t(0).
8
Let z(l) = -l**3 - 23*l**2 + 52*l + 60. Determine z(-25).
10
Let p(s) = s**2 - 17*s + 21. What is p(14)?
-21
Let v(x) = -4*x**3 + 2*x**2 + x - 2. Calculate v(1).
-3
Let k(n) = -n**3 - 3*n**2 + 7*n - 4. Calculate k(2).
-10
Let z(b) = -8*b**2 - 24*b - 28. Determine z(-2).
-12
Let u(z) = -4*z**2 + 17*z + 20. Determine u(6).
-22
Let u(h) = -2*h**2 - 9*h - 2. Give u(-3).
7
Let q(b) = -b**3 + 7*b**2 + 6*b + 15. Calculate q(8).
-1
Let w(g) = -g**3 - 27*g**2 + 57*g - 27. What is w(-29)?
2
Let b(c) = -15*c - 15. What is b(-2)?
15
Let d(q) = 2*q**2 - 25*q + 22. Determine d(11).
-11
Let z(q) = q + 1. Calculate z(-2).
-1
Let s(c) = c**3 + 21*c**2 + 23*c + 20. What is s(-20)?
-40
Let x(w) = -5*w + 25. Give x(5).
0
Let a(q) = -2*q + 18. Calculate a(9).
0
Let u(t) = 5*t - 100. What is u(18)?
-10
Let t(p) = 2*p**2 + 38*p - 20. Give t(-19).
-20
Let o(g) = 2*g**3 - 5*g**2 - 10. Determine o(4).
38
Let a(q) = 2*q**2 - 27*q - 1. What is a(13)?
-14
Let j(k) = -k**3 - 9*k**2 - 8*k + 2. Determine j(-8).
2
Let i(b) = -b**2 + 12*b - 5. Determine i(17).
-90
Let h(i) = -i**3 + 17*i**2 + 20*i - 43. What is h(18)?
-7
Let d(v) = -9*v + 7. What is d(6)?
-47
Let s(p) = -10*p + 7. Determine s(3).
-23
Let d(u) = 12*u**3 + u**2 + 2*u + 1. Calculate d(-1).
-12
Let c(y) = y**3 + 10*y**2 + 6*y - 31. Give c(-9).
-4
Let u(y) = -y**3 - 4*y**2 + 11*y - 4. Determine u(-6).
2
Let d(r) = -r**3 - 13*r**2 - 4*r - 28. Determine d(-13).
24
Let p(d) = d**2 - 10*d + 12. What is p(7)?
-9
Let b(r) = -r**2 - 2*r + 7. Give b(7).
-56
Let p(m) = -9*m - 2. Calculate p(-10).
88
Let g(t) = 2*t**2 + 25*t - 18. What is g(-12)?
-30
Let a(n) = 3*n - 24. What is a(7)?
-3
Let p(b) = 5*b - 13. Determine p(4).
7
Let c(r) = 2*r**2 - 12*r + 30. Determine c(8).
62
Let s(d) = -3*d**3 + 33*d**2 + 2*d - 13. What is s(11)?
9
Let n(u) = u**3 - 12*u**2 + 19*u + 10. What is n(10)?
0
Let u(d) = d**2 + 16*d + 20. Determine u(-14).
-8
Let n(x) = x + 4. Calculate n(1).
5
Let u(w) = w**3 - 15*w**2 - 26*w - 21. Determine u(17).
115
Let g(z) = 103*z**2 - 1. What is g(1)?
102
Let s(g) = -5*g - 39. Give s(-9).
6
Let f(q) = -q**2 - 51*q - 644. What is f(-22)?
-6
Let j(q) = 2*q**2 - 17*q - 1. Calculate j(8).
-9
Let n(y) = -y**2 - 10*y + 14. Determine n(-8).
30
Let z(n) = n**3 - 5*n**2 + 8*n - 4. Calculate z(5).
36
Let o(z) = z**3 - z**2 + 3*z - 1. Determine o(1).
2
Let l(n) = n**3 - 10*n**2 - 47*n - 131. What is l(14)?
-5
Let k(t) = -t**3 + 16*t**2 - 26*t - 33. Determine k(14).
-5
Let v(b) = -5*b - 359. What is v(-68)?
-19
Let a(o) = -o**2 + 13*o - 33. What is a(8)?
7
Let n(d) = d**3 + 21*d**2 + 5*d - 11. Calculate n(-21).
-116
Let a(b) = -4*b + 31. Give a(5).
11
Let k(i) = 12*i**2 - 106*i - 8. Calculate k(9).
10
Let s(x) = x + 17. Give s(-11).
6
Let y(h) = 2*h + 2. Give y(-5).
-8
Let a(f) = f**3 + 5*f**2 - 7*f - 4. Give a(-5).
31
Let y(z) = z**3 + z + 5. Determine y(0).
5
Let w(j) = -j**3 - 7*j**2 + 4*j - 49. What is w(-8)?
-17
Let p(m) = -41*m + 908. Determine p(22).
6
Let x(j) = 7*j + 2. Determine x(7).
51
Let c(i) = i**3 + 8*i**2 + 7*i - 3. Calculate c(-7).
-3
Let g(l) = -21*l + 144. What is g(7)?
-3
Let y(k) = 2*k**2 + 23*k + 20. Calculate y(-9).
-25
Let i(g) = 6*g - 56. Calculate i(9).
-2
Let v(h) = -h**2 + 3*h + 1. Give v(0).
1
Let o(u) = -u**2 + 3*u + 54. Give o(-6).
0
Let s(a) = a**2 - 5*a + 7. Give s(3).
1
Let b(y) = 6*y - 5. Calculate b(9).
49
Let r(f) = -5*f**2 - 4*f + 10. Give r(2).
-18
Let m(y) = -y**3 + 15*y**2 - 7*y - 81. Give m(14).
17
Let x(k) = k - 2. Give x(5).
3
Let s(f) = f**2 + 20*f + 26. Calculate s(-18).
-10
Let n(c) = -c**3 + 24*c**2 - 21*c - 11. Calculate n(23).
35
Let b(z) = z**3 - 10*z**2 - 13*z + 6. Calculate b(11).
-16
Let t(g) = g**3 - 6*g**2 + 6*g - 8. Give t(6).
28
Let b(f) = 2*f - 6. Determine b(-12).
-30
Let c(l) = -l**2 - 7*l - 2. Give c(-7).
-2
Let t(a) = a. Give t(9).
9
Let h(i) = -i**2 - i - 7. Give h(0).
-7
Let f(w) = -w**2 - 6*w + 4. Determine f(4).
-36
Let w(p) = -p**3 + 5*p**2 - 2. Give w(1).
2
Let b(j) = -j**2 - 31*j + 133. What is b(-33)?
67
Let y(b) = b**3 - 6*b**2 + 8*b - 6. What is y(4)?
-6
Let j(o) = -o**2 + 8*o + 13. Give j(9).
4
Let b(f) = -f**3 + 8*f**2 + 8*f - 1. Determine b(9).
-10
Let b(q) = -q**2 - 12. Determine b(0).
-12
Let b(l) = l**2 + 11*l + 15. Determine b(-12).
27
Let j(o) = -2*o**3 - 23*o**2 - 13*o - 17. Determine j(-11).
5
Let f(t) = t**3 - 4*t**2 - 3*t - 6. What is f(4)?
-18
Let c(t) = 2*t**3 - t**2 + t - 4. Determine c(2).
10
Let v(j) = j**3 + 4*j**2 - 5*j - 11. Calculate v(-5).
-11
Let r(u) = -u**2 - 39*u - 26. What is r(-38)?
12
Let d(o) = -15*o - 1. Determine d(-6).
89
Let l(s) = 8*s**2 + 2*s - 1. Determine l(1).
9
Let s(x) = -x**2 - 7*x + 9. What is s(-7)?
9
Let d(o) = -6*o**2 + 3*o - 1. Determine d(2).
-19
Let p(l) = -l**2 - 20*l - 130. Calculate p(-11).
-31
Let c(f) = -f**2. What is c(-2)?
-4
Let a(c) = -c**2 - 5*c + 10. Give a(3).
-14
Let d(t) = -8*t - 92. Calculate d(-14).
20
Let o(b) = b**2 - 4*b - 4. Determine o(4).
-4
Let i(l) = -l + 9. What is i(8)?
1
Let w(j) = -38*j**3 - 2*j**2 - 5*j - 4. What is w(-1)?
37
Let b(z) = 16*z**2 - 1. What is b(-1)?
15
Let d(f) = f**3 - 16*f**2 + 14*f + 23. Calculate d(15).
8
Let y(m) = 17*m**2 - 3*m - 1. What is y(-2)?
73
Let l(f) = f**3 + 2*f**2 - 6*f - 7. Calculate l(-3).
2
Let x(z) = -z + 21. What is x(33)?
-12
Let m(n) = n + 18. Determine m(-18).
0
Let p(d) = -d**3 + 18*d**2 + 18*d + 21. Give p(19).
2
Let z(o) = o**3 - 6*o**2 + 3*o - 7. Calculate z(5).
-17
Let r(u) = u**3 - u + 29. Calculate r(0).
29
Let g(c) = -c**2 + 9*c - 1. Give g(8).
7
Let w(g) = -4*g**3 + g**2 - g + 2. Determine w(2).
-28
Let u(z) = -z**2 - 6*z + 27. Determine u(-7).
20
Let r(p) = -p**3 + 6*p**2 + 23*p + 3. What is r(-3)?
15
Let c(l) = -l**2 - 4*l - 3. Calculate c(-1).
0
Let d(q) = q**2 + 18*q - 10. Give d(-13).
-75
Let m(s) = -s**2 - 8. Calculate m(0).
-8
Let a(f) = -4*f**2 + 1. What is a(1)?
-3
Let o(v) = v**2 - 10*v + 17. What is o(8)?
1
Let l(y) = -y**3 + 7*y**2 + 3*y - 7. Determine l(7).
14
Let j(c) = -8*c**3 - 3*c**2 - c + 3. What is j(1)?
-9
Let o(i) = -i**3 + 3*i + 2. What is o(-2)?
4
Let d(g) = -g**3 - 8*g**2 - 21*g - 41. Calculate d(-5).
-11
Let t(j) = 4*j**3 - 2*j**2 + 4*j + 1. Give t(-3).
-137
Let q(p) = 24*p - 96. What is q(7)?
72
Let u(a) = 11*a - 40. Determine u(4).
4
Let y(f) = f**2 - 11*f + 8. Determine y(8).
-16
Let h(r) = 22*r + 148. Determine h(-7).
-6
Let k(f) = -f**3 + 20*f**2 - 43*f + 121. Calculate k(18).
-5
Let n(t) = -t**3 - 21*t**2 - 44*t + 27. Give n(-19).
141
Let m(r) = r**3 - 8*r**2 + 6*r + 15. Give m(8).
63
Let q(f) = f**2 + 7*f - 11. Calculate q(-8).
-3
Let k(b) = b**2 + b + 34. Calculate k(0).
34
Let n(u) = -u**3 - 7*u**2 - 7*u - 5. What is n(-8)?
115
Let o(p) = 2*p**3 - 6*p**2 - 12*p + 10. Determine o(4).
-6
Let v(j) = -4*j**2 + 16*j - 6. Give v(5).
-26
Let y(w) = 11*w + 9. What is y(-2)?
-13
Let b(g) = g**3 + 12*g**2 - 16*g - 12. What is b(-13)?
27
Let z(a) = -3*a + 63. Give z(19).
6
Let l(q) = -q**3 + 15*q**2 - 16*q + 19. Determine l(14).
-9
Let a(u) = -4*u**3 - 47*u**2 + 16*u + 49. Determine a(-12).
1
Let n(d) = -2*d**2 - 16*d + 60. Determine n(-11).
-6
Let i(w) = -w**2 - 12*w + 37. Determine i(-14).
9
Let g(s) = -13*s + 104. Determine g(8).
0
Let a(p) = 2*p**3 + 9*p**2 - 5*p + 7. Give a(-5).
7
Let p(h) = 18*h + 29. What is p(-2)?
-7
Let k(f) = -f**2 + 15*f - 53. What is k(7)?
3
Let j(x) = -2*x**2 - 9*x + 2. What is j(-7)?
-33
Let v(s) = s**3 + 2*s**2 + 3*s. Give v(-2).
-6
Let a(g) = -g**2 - 23*g - 79. Determine a(-11).
53
Let s(l) = l**2 + l - 5. Determine s(4).
15
Let h(c) = c**3 - 3*c**2 - c - 18. What is h(0)?
-18
Let q(o) = -37*o - 967. Determine q(-26).
-5
Let b(m) = -3*m + 3. Calculate b(0).
3
Let k(o) = -2*o**3 + o**2 - 3*o + 2. Give k(2).
-16
Let v(h) = -14*h - 402. Give v(-28).
-10
Let u(y) = y**2 + 11*y + 21. Determine u(-9).
3
Let y(s) = -7*s + 20. What is y(5)?
-15
Let h(l) = 4*l - 8. Calculate h(5).
12
Let u(v) = v**2 - 9*v + 33. Determine u(10).
43
Let r(l) = -2*l**2 - l + 60. What is r(-6)?
-6
Let m(s) = s**2 - 22*s + 101. Gi